ided by f.
4
Let m = -276 + 293. Suppose m*p + 95 = 299. Let r = -35 + 117. What is the remainder when r is divided by p?
10
Let v = -75 + 78. Let m(f) = 6*f**2 + f**3 + 89*f - 93*f - 3*f**2 - v. What is the remainder when 28 is divided by m(-2)?
1
Suppose -2*u - u - 2*g = -422, -4*g = -4. Suppose -5*j = -56*m + 61*m - 115, 52 = 2*j + m. What is the remainder when u is divided by j?
24
Let m = 7 + -1. Suppose -a + m = -7. Calculate the remainder when ((-93)/21 + -1)*-7 is divided by a.
12
Let h = 88 - 86. Suppose 6 = -3*n - 6, 0 = j + h*n - 66. Calculate the remainder when j is divided by 25.
24
Let j(h) = 16*h**2 + 170*h - 1362. What is the remainder when j(8) is divided by 20?
2
Let w(q) = -13*q + 188. Let m be w(16). Calculate the remainder when (-4)/2*370/m is divided by 8.
5
Calculate the remainder when 1886 is divided by 1*-2 - 1 - (-260 - -152).
101
Calculate the remainder when (-8 - (-5 + -173)) + (2 - 3) + 5 is divided by 566/16 + 54/(-144).
34
What is the remainder when 72072/56 - (6/(-5))/((-18)/(-45)) is divided by 321?
6
Suppose 5*s - 30 = 0, -c + 13*s = 17*s + 11. Suppose 5*m = -2*h - 120, 3*h + 2*h + 319 = -3*m. Let n = c - h. What is the remainder when n is divided by 17?
13
Suppose -4*r = v - 829, 2*v + 5*r - 838 = v. Calculate the remainder when 4770 is divided by v.
12
Let v = -53115 + 53255. What is the remainder when v is divided by (-292)/(-6) + (-6)/9?
44
Suppose -5*t - 41 = -4*f, 5*f + 5 = 5*t + 50. Suppose f*n = -n + 30. Suppose -n*m + 73 + 113 = 0. What is the remainder when m is divided by 16?
15
Let g(j) = 2*j - 3. What is the remainder when -90*26/39*(-24)/32 is divided by g(3)?
0
Suppose -5 - 80 = 5*a. Let s(v) = 4*v**3 + 67*v**2 - 19*v + 18. Calculate the remainder when 88 is divided by s(a).
36
Suppose -32 = -3*q + 7*u - 12*u, -4*u = q - 20. Suppose -q*j + 102 = -38. Calculate the remainder when j is divided by 8*1 + 1/1.
8
Let f be 5/(1/((-2)/(-5))). Suppose -f*u + 28 = -32. Suppose 13*j - 7*j = u. Calculate the remainder when 39 is divided by j.
4
What is the remainder when 11614 + (2940/(-14))/(-21) is divided by 38?
34
Suppose 0 = 7*s - s + 10*s - 496. Calculate the remainder when 120 is divided by s.
27
Calculate the remainder when (-644)/(-7 + 3)*1 is divided by (363/55)/3*(1 - -24).
51
Suppose -2010 + 18255 = 203*r - 198. What is the remainder when r is divided by (-1)/((-1)/(-1)) - -23?
15
Suppose q + 217 = 4*i, -5*i + 242 = 21*q - 32*q. What is the remainder when i is divided by 47?
8
Let d be (-10 + 2)*(1 + -11). Let a be 6/(-8) - 20/d. What is the remainder when 62 is divided by (a/2)/(7/(-224))?
14
Suppose 318 = 18*g - 30 - 246. Suppose -r + 474 = 2*r. What is the remainder when r is divided by g?
26
Let s(j) = j**2 - 14*j - 159. Calculate the remainder when 5625 is divided by s(-8).
15
Suppose 4*q = -3*q - 21. Let g be (-5)/((q/(-15))/((-8)/40)). Suppose -8*l + g*l = -498. Calculate the remainder when l is divided by 42.
40
Let g = -16368 + 16401. Calculate the remainder when 8178 is divided by g.
27
Let z = 8894 - 8875. What is the remainder when 2923 is divided by z?
16
Suppose 5*x - 47*x = -13650. Calculate the remainder when x is divided by 48.
37
Let i(t) = -t + 19. Suppose 0 = -x + 4*c + 254, 5*x - 963 - 253 = 2*c. What is the remainder when x is divided by i(0)?
14
Let d = 75 - -9. Let o = d - 65. Let u = 32 + -22. Calculate the remainder when o is divided by u.
9
Suppose 2*h = 7*h - 795. Let d be -195 - -23 - (-4 - (-3 + 1)). Let u = d - -224. What is the remainder when h is divided by u?
51
Suppose -20 = 4*b, -4*b + 59 = 5*i - 1216. What is the remainder when 260 is divided by i?
1
Suppose 7*n = 3*n + 5720. Suppose m - 2*b - 286 = 0, -6*b + n = 5*m - 3*b. Calculate the remainder when m is divided by 48.
46
Let w(i) = -43*i + 221. What is the remainder when w(-22) is divided by 90?
87
Let q = 13682 + -13668. What is the remainder when 1437 is divided by q?
9
Let s(t) = 5*t. Let l = 61 + -58. Let j be s(l). Suppose -3*x + 5*h + 10 = -j, 2*x = 3*h + 16. What is the remainder when 20 is divided by x?
0
Let d(y) be the first derivative of y**3 + y**2 + 7*y - 22. Calculate the remainder when d(4) is divided by 17.
12
Let i = 4 - 2. Let f(p) = 123*p - 74. Let n be f(1). Let r = n - i. What is the remainder when r is divided by 12?
11
Let z(d) = 3*d**3 - 4*d**2 + 8*d - 2. Suppose -4*v + 9 = f, 7*f - 1 = 2*v + 2*f. Calculate the remainder when 702 is divided by z(v).
20
Let k = 314 + -302. What is the remainder when 80 is divided by k/8*(-2)/3*-29?
22
Let i(v) = 5*v - 63. Let s be i(16). Suppose -6*p + 95 = s. Calculate the remainder when 1/(-2)*0 - -25 is divided by p.
12
Let w(a) = -13*a + 37. Calculate the remainder when w(0) is divided by 18 + 0 + (-7 - -3).
9
Suppose 4*m + 36 + 32 = 0. Let i(g) = 34*g - 20 + 23 + 30 + 2*g**2. Calculate the remainder when 129 is divided by i(m).
30
Let j(b) = -13*b + 6. Let r(h) = -h**2 - 10*h + 4. Let i be r(-11). What is the remainder when j(i) is divided by 33?
31
Suppose -135 = 331*w - 338*w + 26. What is the remainder when 72 is divided by w?
3
Suppose -3*j + 6*x - 2*x = -12, -2 = -j + 2*x. What is the remainder when 17 is divided by j?
1
Let t(h) = h**3 + 28*h**2 - 330*h + 82. Calculate the remainder when 372 is divided by t(9).
45
Let l(y) = -2*y**2 - 86*y - 606. What is the remainder when l(-15) is divided by 41?
29
Let m be (-540)/81*(1 - 5/2). Suppose -m + 3 = -b. What is the remainder when 2*1*(-13)/(-2) is divided by b?
6
Suppose -18*m = -66 - 60. Suppose m*i - 82 = -5. What is the remainder when 25 is divided by i?
3
Suppose 5*q - 5*x = 170, q = 3*x - x + 39. Suppose 0 = 2*w - 1 - 5. Suppose d + 8 = w*b + 1, -b - 5*d = -q. Calculate the remainder when 12 is divided by b.
0
Let f = -20 - -145. Let q = 137 - f. Suppose 2*z - 515 = -5*u, 0*u + u = 2*z + 115. Calculate the remainder when u is divided by q.
9
Let w = -204 - -230. Calculate the remainder when 137 is divided by w.
7
Suppose -10522*d + 10535*d - 1326 = 0. Calculate the remainder when 702 is divided by d.
90
Suppose 3*f - 35 = 31. Suppose 3*g - f - 41 = 0. Let i(w) = -w**3 + 6*w**2 - 4*w - 5. Calculate the remainder when g is divided by i(4).
10
Let g be 11/9 - (-8)/(-36). What is the remainder when 4275/76 + (-1)/4 is divided by (-95)/(-10)*(g - -1)?
18
Suppose 522 = 114*w - 4607 - 2281. Calculate the remainder when 1492 is divided by w.
62
Let f(g) = -5*g**3 + 187*g**2 - 79*g + 198. Calculate the remainder when 191 is divided by f(37).
9
Let x = -20 + 42. Let k = -947 + 948. Calculate the remainder when x is divided by k.
0
Suppose 0 = -77*y + 76*y - 4. Calculate the remainder when (-20)/(-5)*4*(1 - y) is divided by 34.
12
Suppose -9 = -2*d + 11. Suppose -3*j = 138*p - 141*p - 111, j - 5*p = 37. Calculate the remainder when j is divided by 126/d - 2/(-5).
11
Let i = -52 - -54. Suppose 8 = 2*y + i*y. Suppose -5*d - 173 = -3*p - 583, y*d - 4*p = 164. What is the remainder when d is divided by 6?
4
Suppose -134*q + 732*q = -354*q + 57120. Let c(y) = -2*y**3 - 9*y**2 + 8*y + 1. What is the remainder when c(-7) is divided by q?
10
Calculate the remainder when 249 is divided by (20/(40/4))/((-1)/(-6)).
9
Suppose 0 = 3*u - 10 - 11. What is the remainder when 720/25 - ((-290)/(-50) + -5) is divided by u?
0
Let u = 5379 + -4557. Calculate the remainder when u is divided by 58.
10
Let b(p) = p**3 + 5*p**2 + p - 4. Let w be b(-3). Suppose 9*y + w = 2. What is the remainder when (9 + y - 1)/(5/55) is divided by 26?
25
Let c(p) = -4*p**3 + 84*p**2 - 5*p + 111. What is the remainder when 5301 is divided by c(21)?
3
Let k(u) = -3*u - 1. Let m be k(-6). Suppose 0 = m*h - 8*h - 99. Calculate the remainder when 43 is divided by h.
10
Suppose 24 = x - 5*c, -2*x + c + 20 = -2*c. Suppose -2*y = x*m - 2, 0 = -2*y - 0 + 2. Suppose -4*b + 38 - 10 = m. What is the remainder when 26 is divided by b?
5
What is the remainder when 2965/6*(313 + -307) is divided by 30?
25
Let k(f) = 264*f - 9. Let o be k(7). Let v = o - 1823. Let c(d) = 39*d**3 - d**2 + d. What is the remainder when c(1) is divided by v?
7
What is the remainder when ((-11288)/1162)/(2/(-7))*56 is divided by 1896?
8
Let t be (-1)/(-1)*(-6 + 4). Let w(h) be the second derivative of 11*h**4/12 - 5*h**3/6 - 5*h**2/2 + 16*h. What is the remainder when 